{"id":2,"date":"2021-03-24T17:21:50","date_gmt":"2021-03-24T16:21:50","guid":{"rendered":"http:\/\/graphotherapie-marseille.fr\/?page_id=2"},"modified":"2021-06-22T15:15:06","modified_gmt":"2021-06-22T13:15:06","slug":"la-dysgraphie","status":"publish","type":"page","link":"https:\/\/graphotherapie-marseille.fr\/?page_id=2","title":{"rendered":"LA DYSGRAPHIE"},"content":{"rendered":"\n\n\t\n<p>La dysgraphie est un trouble persistant du geste graphique.<\/p>\n<p>Elle peut se caract\u00e9riser par des crit\u00e8res d&#8217;inconfort, d&#8217;inefficacit\u00e9, d&#8217;illisibilit\u00e9 et se traduit par une \u00e9criture trop lente, fatigante, d\u00e9sordonn\u00e9e, irr\u00e9guli\u00e8re, qui emp\u00eache le lecteur de d\u00e9chiffrer facilement le message du scripteur.<\/p>\n<p>La dysgraphie fait partie des \u00ab\u00a0troubles dys\u00a0\u00bb telles que la dyslexie, la dyspraxie, la dysorthographie&#8230; auxquelles elle est souvent associ\u00e9e.<\/p>\n\n\n","protected":false},"excerpt":{"rendered":"<div class=\"entry-summary\">\n<div class=\"entry-summary\">\nLa dysgraphie est un trouble persistant du geste graphique. Elle peut se caract\u00e9riser par des crit\u00e8res d&#8217;inconfort, d&#8217;inefficacit\u00e9, d&#8217;illisibilit\u00e9 et se traduit par une \u00e9criture trop lente, fatigante, d\u00e9sordonn\u00e9e, irr\u00e9guli\u00e8re, qui emp\u00eache&hellip;\n<\/div>\n<div class=\"link-more-container\"><a href=\"https:\/\/graphotherapie-marseille.fr\/?page_id=2\" class=\"link-more\" aria-label=\"Continue reading LA DYSGRAPHIE\">Continue reading&hellip;<\/a><\/div>\n<\/div>\n<div class=\"link-more-container\"><a href=\"https:\/\/graphotherapie-marseille.fr\/?page_id=2\" class=\"link-more\" aria-label=\"Continue reading LA DYSGRAPHIE\">Continue reading&hellip;<\/a><\/div>\n","protected":false},"author":1,"featured_media":0,"parent":0,"menu_order":0,"comment_status":"closed","ping_status":"closed","template":"","meta":{"_monsterinsights_skip_tracking":false,"_monsterinsights_sitenote_active":false,"_monsterinsights_sitenote_note":"","_monsterinsights_sitenote_category":0,"footnotes":""},"class_list":["post-2","page","type-page","status-publish","hentry","entry","entry-type-page"],"aioseo_notices":[],"_links":{"self":[{"href":"https:\/\/graphotherapie-marseille.fr\/index.php?rest_route=\/wp\/v2\/pages\/2","targetHints":{"allow":["GET"]}}],"collection":[{"href":"https:\/\/graphotherapie-marseille.fr\/index.php?rest_route=\/wp\/v2\/pages"}],"about":[{"href":"https:\/\/graphotherapie-marseille.fr\/index.php?rest_route=\/wp\/v2\/types\/page"}],"author":[{"embeddable":true,"href":"https:\/\/graphotherapie-marseille.fr\/index.php?rest_route=\/wp\/v2\/users\/1"}],"replies":[{"embeddable":true,"href":"https:\/\/graphotherapie-marseille.fr\/index.php?rest_route=%2Fwp%2Fv2%2Fcomments&post=2"}],"version-history":[{"count":8,"href":"https:\/\/graphotherapie-marseille.fr\/index.php?rest_route=\/wp\/v2\/pages\/2\/revisions"}],"predecessor-version":[{"id":1062,"href":"https:\/\/graphotherapie-marseille.fr\/index.php?rest_route=\/wp\/v2\/pages\/2\/revisions\/1062"}],"wp:attachment":[{"href":"https:\/\/graphotherapie-marseille.fr\/index.php?rest_route=%2Fwp%2Fv2%2Fmedia&parent=2"}],"curies":[{"name":"wp","href":"https:\/\/api.w.org\/{rel}","templated":true}]}}