{"id":44,"date":"2021-03-25T15:07:31","date_gmt":"2021-03-25T14:07:31","guid":{"rendered":"https:\/\/graphotherapie-marseille.fr\/?page_id=44"},"modified":"2021-06-22T15:09:21","modified_gmt":"2021-06-22T13:09:21","slug":"le-bilan-graphomoteur","status":"publish","type":"page","link":"https:\/\/graphotherapie-marseille.fr\/?page_id=44","title":{"rendered":"POURQUOI CONSULTER ?"},"content":{"rendered":"\n\n\t<strong>POURQUOI CONSULTER ?<br \/>\n<\/strong>\n<ul>\n<li>difficult\u00e9s de lisibilit\u00e9<\/li>\n<li>difficult\u00e9s scolaires<\/li>\n<li>trop d&#8217;effort fournis pour \u00e9crire, douleurs<\/li>\n<li>crispations ou manque de tonicit\u00e9<\/li>\n<li>manque de soins dans les cahiers<\/li>\n<li>\u00e9criture en miroir<\/li>\n<li>lat\u00e9ralit\u00e9 mal d\u00e9finie\u00a0: gaucher ou droitier\u00a0?<\/li>\n<li>\u00e9criture trop rapide ou trop lente<\/li>\n<li>anxi\u00e9t\u00e9 lors de l&#8217;\u00e9criture<\/li>\n<li>d\u00e9gradation de l&#8217;\u00e9criture au fur et \u00e0 mesure de la t\u00e2che<\/li>\n<li>mauvaise tenue du stylo<\/li>\n<li>pr\u00e9cocit\u00e9<\/li>\n<\/ul>\n<p>&nbsp;<\/p>\n\n","protected":false},"excerpt":{"rendered":"<div class=\"entry-summary\">\n<div class=\"entry-summary\">\nPOURQUOI CONSULTER ? difficult\u00e9s de lisibilit\u00e9 difficult\u00e9s scolaires trop d&#8217;effort fournis pour \u00e9crire, douleurs crispations ou manque de tonicit\u00e9 manque de soins dans les cahiers \u00e9criture en miroir lat\u00e9ralit\u00e9 mal d\u00e9finie\u00a0: gaucher&hellip;\n<\/div>\n<div class=\"link-more-container\"><a href=\"https:\/\/graphotherapie-marseille.fr\/?page_id=44\" class=\"link-more\" aria-label=\"Continue reading POURQUOI CONSULTER ?\">Continue reading&hellip;<\/a><\/div>\n<\/div>\n<div class=\"link-more-container\"><a href=\"https:\/\/graphotherapie-marseille.fr\/?page_id=44\" class=\"link-more\" aria-label=\"Continue reading POURQUOI CONSULTER ?\">Continue reading&hellip;<\/a><\/div>\n","protected":false},"author":1,"featured_media":0,"parent":0,"menu_order":0,"comment_status":"closed","ping_status":"closed","template":"","meta":{"_monsterinsights_skip_tracking":false,"_monsterinsights_sitenote_active":false,"_monsterinsights_sitenote_note":"","_monsterinsights_sitenote_category":0,"footnotes":""},"class_list":["post-44","page","type-page","status-publish","hentry","entry","entry-type-page"],"aioseo_notices":[],"_links":{"self":[{"href":"https:\/\/graphotherapie-marseille.fr\/index.php?rest_route=\/wp\/v2\/pages\/44","targetHints":{"allow":["GET"]}}],"collection":[{"href":"https:\/\/graphotherapie-marseille.fr\/index.php?rest_route=\/wp\/v2\/pages"}],"about":[{"href":"https:\/\/graphotherapie-marseille.fr\/index.php?rest_route=\/wp\/v2\/types\/page"}],"author":[{"embeddable":true,"href":"https:\/\/graphotherapie-marseille.fr\/index.php?rest_route=\/wp\/v2\/users\/1"}],"replies":[{"embeddable":true,"href":"https:\/\/graphotherapie-marseille.fr\/index.php?rest_route=%2Fwp%2Fv2%2Fcomments&post=44"}],"version-history":[{"count":6,"href":"https:\/\/graphotherapie-marseille.fr\/index.php?rest_route=\/wp\/v2\/pages\/44\/revisions"}],"predecessor-version":[{"id":1056,"href":"https:\/\/graphotherapie-marseille.fr\/index.php?rest_route=\/wp\/v2\/pages\/44\/revisions\/1056"}],"wp:attachment":[{"href":"https:\/\/graphotherapie-marseille.fr\/index.php?rest_route=%2Fwp%2Fv2%2Fmedia&parent=44"}],"curies":[{"name":"wp","href":"https:\/\/api.w.org\/{rel}","templated":true}]}}