{"id":61,"date":"2021-03-25T15:30:40","date_gmt":"2021-03-25T14:30:40","guid":{"rendered":"https:\/\/graphotherapie-marseille.fr\/?page_id=61"},"modified":"2021-11-24T19:24:27","modified_gmt":"2021-11-24T18:24:27","slug":"graphotherapeute-marseille","status":"publish","type":"page","link":"https:\/\/graphotherapie-marseille.fr\/","title":{"rendered":"HOME"},"content":{"rendered":"\n\n\t<p><strong>GRAPHOTHERAPEUTE MARSEILLE<\/strong><\/p>\n<p><strong>Claire HONNORAT<img loading=\"lazy\" decoding=\"async\" src=\"http:\/\/graphotherapie-marseille.fr\/wp-content\/uploads\/2021\/07\/IMG-5119-640x853.jpg\" alt=\"\" width=\"131\" height=\"175\" \/><\/strong><\/p>\n<p><strong>R\u00e9\u00e9ducation de l&#8217;\u00e9criture<\/strong><\/p>\n<p>Bonjour et bienvenue\u00a0!<\/p>\n<p>Je re\u00e7ois des enfants et des adolescents\u00a0qui rencontrent des difficult\u00e9s avec leur \u00e9criture\u00a0: geste graphique non automatis\u00e9 (lenteur), douleur, illisibilit\u00e9.\u00a0Certains sont\u00a0\u00a0gauchers,\u00a0d&#8217;autres\u00a0intellectuellement pr\u00e9coces\u00a0ou tout simplement pas encore pr\u00eats \u00e0 se lancer dans l&#8217;aventure de l&#8217;\u00e9criture.<\/p>\n<p>Leur \u00e9criture peut ou non \u00eatre\u00a0dysgraphique.<\/p>\n<p>La r\u00e9\u00e9ducation de l&#8217;\u00e9criture\u00a0permet de\u00a0trouver ou retrouver\u00a0une \u00e9criture\u00a0lisible, rapide et qui correspond \u00e0 chacun.\u00a0En restaurant le geste graphique gr\u00e2ce \u00e0 des activit\u00e9s personnalis\u00e9es et ludiques, la graphoth\u00e9rapie fait d\u00e9couvrir ou renaitre le plaisir d&#8217;\u00e9crire et redonne confiance en soi.<\/p>\n<p><img loading=\"lazy\" decoding=\"async\" src=\"http:\/\/graphotherapie-marseille.fr\/wp-content\/uploads\/2021\/11\/agame-283x81-1.png\" alt=\"\" width=\"186\" height=\"53\" \/><\/p>\n<p><em>Dipl\u00f4m\u00e9e EPG Agr\u00e9ment \u00c9ducation Nationale n\u00b00301632L<\/em><\/p>\n\n","protected":false},"excerpt":{"rendered":"<div class=\"entry-summary\">\n<div class=\"entry-summary\">\nGRAPHOTHERAPEUTE MARSEILLE Claire HONNORAT R\u00e9\u00e9ducation de l&#8217;\u00e9criture Bonjour et bienvenue\u00a0! Je re\u00e7ois des enfants et des adolescents\u00a0qui rencontrent des difficult\u00e9s avec leur \u00e9criture\u00a0: geste graphique non automatis\u00e9 (lenteur), douleur, illisibilit\u00e9.\u00a0Certains sont\u00a0\u00a0gauchers,\u00a0d&#8217;autres\u00a0intellectuellement pr\u00e9coces\u00a0ou&hellip;\n<\/div>\n<div class=\"link-more-container\"><a href=\"https:\/\/graphotherapie-marseille.fr\/\" class=\"link-more\" aria-label=\"Continue reading HOME\">Continue reading&hellip;<\/a><\/div>\n<\/div>\n<div class=\"link-more-container\"><a href=\"https:\/\/graphotherapie-marseille.fr\/\" class=\"link-more\" aria-label=\"Continue reading HOME\">Continue reading&hellip;<\/a><\/div>\n","protected":false},"author":1,"featured_media":0,"parent":0,"menu_order":0,"comment_status":"closed","ping_status":"closed","template":"","meta":{"_monsterinsights_skip_tracking":false,"_monsterinsights_sitenote_active":false,"_monsterinsights_sitenote_note":"","_monsterinsights_sitenote_category":0,"footnotes":""},"class_list":["post-61","page","type-page","status-publish","hentry","entry","entry-type-page"],"aioseo_notices":[],"_links":{"self":[{"href":"https:\/\/graphotherapie-marseille.fr\/index.php?rest_route=\/wp\/v2\/pages\/61","targetHints":{"allow":["GET"]}}],"collection":[{"href":"https:\/\/graphotherapie-marseille.fr\/index.php?rest_route=\/wp\/v2\/pages"}],"about":[{"href":"https:\/\/graphotherapie-marseille.fr\/index.php?rest_route=\/wp\/v2\/types\/page"}],"author":[{"embeddable":true,"href":"https:\/\/graphotherapie-marseille.fr\/index.php?rest_route=\/wp\/v2\/users\/1"}],"replies":[{"embeddable":true,"href":"https:\/\/graphotherapie-marseille.fr\/index.php?rest_route=%2Fwp%2Fv2%2Fcomments&post=61"}],"version-history":[{"count":18,"href":"https:\/\/graphotherapie-marseille.fr\/index.php?rest_route=\/wp\/v2\/pages\/61\/revisions"}],"predecessor-version":[{"id":1099,"href":"https:\/\/graphotherapie-marseille.fr\/index.php?rest_route=\/wp\/v2\/pages\/61\/revisions\/1099"}],"wp:attachment":[{"href":"https:\/\/graphotherapie-marseille.fr\/index.php?rest_route=%2Fwp%2Fv2%2Fmedia&parent=61"}],"curies":[{"name":"wp","href":"https:\/\/api.w.org\/{rel}","templated":true}]}}